{"id":574,"date":"2024-07-16T00:31:25","date_gmt":"2024-07-16T00:31:25","guid":{"rendered":"https:\/\/gmiluminacion.com\/distribuidor-holophane-postes-de-alto-montaje\/index.php\/contact\/"},"modified":"2026-01-14T22:51:01","modified_gmt":"2026-01-14T22:51:01","slug":"contacto","status":"publish","type":"page","link":"https:\/\/gmiluminacion.com\/distribuidor-holophane-postes-de-alto-montaje\/contacto\/","title":{"rendered":"Contacto"},"content":{"rendered":"\t\t<div data-elementor-type=\"wp-page\" data-elementor-id=\"574\" class=\"elementor elementor-574\">\n\t\t\t\t\t\t<section class=\"elementor-section elementor-top-section elementor-element elementor-element-2be624a5 elementor-section-boxed elementor-section-height-default elementor-section-height-default\" data-id=\"2be624a5\" data-element_type=\"section\" data-e-type=\"section\">\n\t\t\t\t\t\t<div class=\"elementor-container elementor-column-gap-default\">\n\t\t\t\t\t<div class=\"elementor-column elementor-col-100 elementor-top-column elementor-element elementor-element-4ed80f43\" data-id=\"4ed80f43\" data-element_type=\"column\" data-e-type=\"column\">\n\t\t\t<div class=\"elementor-widget-wrap elementor-element-populated\">\n\t\t\t\t\t\t<div class=\"elementor-element elementor-element-a1ef391 elementor-widget elementor-widget-text-editor\" data-id=\"a1ef391\" data-element_type=\"widget\" data-e-type=\"widget\" data-widget_type=\"text-editor.default\">\n\t\t\t\t\t\t\t\t\t\n<div class=\"wp-block-uagb-container uagb-block-a2b3fcc4 alignfull uagb-is-root-container\">\n<div class=\"uagb-container-inner-blocks-wrap\">\n<div class=\"wp-block-uagb-advanced-heading uagb-block-b49651cf\">\n<h1 class=\"uagb-heading-text\">Contacto Directo<\/h1>\n<p class=\"uagb-desc-text\">Con\u00e9ctate con Nosotros Hoy para Soluciones de Iluminaci\u00f3n<\/p>\n<\/div>\n<\/div>\n<\/div>\n\n<div class=\"wp-block-uagb-container uagb-block-3a51b517 alignfull uagb-is-root-container\">\n<div class=\"uagb-container-inner-blocks-wrap\">\n<div class=\"wp-block-uagb-container uagb-block-bbd63809\">\n<div class=\"wp-block-uagb-container uagb-block-c7b1c94f\">\n<div class=\"wp-block-uagb-advanced-heading uagb-block-855fc0ef\">\n<div class=\"uagb-heading-text\">Correo electr\u00f3nico<\/div>\n<p class=\"uagb-desc-text\">\u00bfPreguntas o dudas? \u00a1Cont\u00e1ctanos!<\/p>\n<\/div>\n\n<div class=\"wp-block-uagb-advanced-heading uagb-block-c04a4855\">\n<div class=\"uagb-heading-text\">pgmiluminacion@gmail.com<\/div>\n<\/div>\n<\/div>\n\n<div class=\"wp-block-uagb-container uagb-block-4605f62a\">\n<div class=\"wp-block-uagb-advanced-heading uagb-block-5edcf6c5\">\n<div class=\"uagb-heading-text\">Direcci\u00f3n<\/div>\n<p class=\"uagb-desc-text\">Horario: Lunes a Viernes 9 am a 6 pm<\/p>\n<\/div>\n\n<div class=\"wp-block-uagb-advanced-heading uagb-block-131df4f3\">\n<div class=\"uagb-heading-text\">Sur 23, LT 541 C, Mz 52, Colonia Leyes de Reforma, C.P. 09310, Iztapalapa, CDMX.<\/div>\n<\/div>\n<\/div>\n<br \/>\n<div class=\"wp-block-uagb-advanced-heading uagb-block-5edcf6c5\">\n<div class=\"uagb-heading-text\">Tel\u00e9fono<\/div>\n<p class=\"uagb-desc-text\">\u00a0<\/p>\n<div><strong>55 6255 0088<\/strong><\/div>\n<\/div>\n<\/div>\n<\/div>\n<\/div>\t\t\t\t\t\t\t\t<\/div>\n\t\t\t\t\t<\/div>\n\t\t<\/div>\n\t\t\t\t\t<\/div>\n\t\t<\/section>\n\t\t<div class=\"elementor-element elementor-element-9ef344a e-flex e-con-boxed e-con e-parent\" data-id=\"9ef344a\" data-element_type=\"container\" data-e-type=\"container\">\n\t\t\t\t\t<div class=\"e-con-inner\">\n\t\t<div class=\"elementor-element elementor-element-8851b94 e-con-full e-flex e-con e-child\" data-id=\"8851b94\" data-element_type=\"container\" data-e-type=\"container\">\n\t\t\t\t<div class=\"elementor-element elementor-element-71a38b5 elementor-shape-rounded elementor-grid-0 e-grid-align-center elementor-widget elementor-widget-social-icons\" data-id=\"71a38b5\" data-element_type=\"widget\" data-e-type=\"widget\" data-widget_type=\"social-icons.default\">\n\t\t\t\t\t\t\t<div class=\"elementor-social-icons-wrapper elementor-grid\" role=\"list\">\n\t\t\t\t\t\t\t<span class=\"elementor-grid-item\" role=\"listitem\">\n\t\t\t\t\t<a class=\"elementor-icon elementor-social-icon elementor-social-icon-facebook elementor-repeater-item-cfcd8fd\" href=\"https:\/\/www.facebook.com\/profile.php?id=61566664024941\" target=\"_blank\">\n\t\t\t\t\t\t<span class=\"elementor-screen-only\">Facebook<\/span>\n\t\t\t\t\t\t<svg aria-hidden=\"true\" class=\"e-font-icon-svg e-fab-facebook\" viewBox=\"0 0 512 512\" xmlns=\"http:\/\/www.w3.org\/2000\/svg\"><path d=\"M504 256C504 119 393 8 256 8S8 119 8 256c0 123.78 90.69 226.38 209.25 245V327.69h-63V256h63v-54.64c0-62.15 37-96.48 93.67-96.48 27.14 0 55.52 4.84 55.52 4.84v61h-31.28c-30.8 0-40.41 19.12-40.41 38.73V256h68.78l-11 71.69h-57.78V501C413.31 482.38 504 379.78 504 256z\"><\/path><\/svg>\t\t\t\t\t<\/a>\n\t\t\t\t<\/span>\n\t\t\t\t\t\t\t<span class=\"elementor-grid-item\" role=\"listitem\">\n\t\t\t\t\t<a class=\"elementor-icon elementor-social-icon elementor-social-icon-whatsapp elementor-repeater-item-87f085e\" href=\"https:\/\/wa.me\/+525579937566\" target=\"_blank\">\n\t\t\t\t\t\t<span class=\"elementor-screen-only\">Whatsapp<\/span>\n\t\t\t\t\t\t<svg aria-hidden=\"true\" class=\"e-font-icon-svg e-fab-whatsapp\" viewBox=\"0 0 448 512\" xmlns=\"http:\/\/www.w3.org\/2000\/svg\"><path d=\"M380.9 97.1C339 55.1 283.2 32 223.9 32c-122.4 0-222 99.6-222 222 0 39.1 10.2 77.3 29.6 111L0 480l117.7-30.9c32.4 17.7 68.9 27 106.1 27h.1c122.3 0 224.1-99.6 224.1-222 0-59.3-25.2-115-67.1-157zm-157 341.6c-33.2 0-65.7-8.9-94-25.7l-6.7-4-69.8 18.3L72 359.2l-4.4-7c-18.5-29.4-28.2-63.3-28.2-98.2 0-101.7 82.8-184.5 184.6-184.5 49.3 0 95.6 19.2 130.4 54.1 34.8 34.9 56.2 81.2 56.1 130.5 0 101.8-84.9 184.6-186.6 184.6zm101.2-138.2c-5.5-2.8-32.8-16.2-37.9-18-5.1-1.9-8.8-2.8-12.5 2.8-3.7 5.6-14.3 18-17.6 21.8-3.2 3.7-6.5 4.2-12 1.4-32.6-16.3-54-29.1-75.5-66-5.7-9.8 5.7-9.1 16.3-30.3 1.8-3.7.9-6.9-.5-9.7-1.4-2.8-12.5-30.1-17.1-41.2-4.5-10.8-9.1-9.3-12.5-9.5-3.2-.2-6.9-.2-10.6-.2-3.7 0-9.7 1.4-14.8 6.9-5.1 5.6-19.4 19-19.4 46.3 0 27.3 19.9 53.7 22.6 57.4 2.8 3.7 39.1 59.7 94.8 83.8 35.2 15.2 49 16.5 66.6 13.9 10.7-1.6 32.8-13.4 37.4-26.4 4.6-13 4.6-24.1 3.2-26.4-1.3-2.5-5-3.9-10.5-6.6z\"><\/path><\/svg>\t\t\t\t\t<\/a>\n\t\t\t\t<\/span>\n\t\t\t\t\t<\/div>\n\t\t\t\t\t\t<\/div>\n\t\t\t\t<\/div>\n\t\t<div class=\"elementor-element elementor-element-504ec08 e-con-full e-flex e-con e-child\" data-id=\"504ec08\" data-element_type=\"container\" data-e-type=\"container\">\n\t\t\t\t<\/div>\n\t\t\t\t\t<\/div>\n\t\t\t\t<\/div>\n\t\t<div class=\"elementor-element elementor-element-9c4a9d0 e-flex e-con-boxed e-con e-parent\" data-id=\"9c4a9d0\" data-element_type=\"container\" data-e-type=\"container\">\n\t\t\t\t\t<div class=\"e-con-inner\">\n\t\t<div class=\"elementor-element elementor-element-bb854a4 e-con-full e-flex e-con e-child\" data-id=\"bb854a4\" data-element_type=\"container\" data-e-type=\"container\">\n\t\t\t\t<div class=\"elementor-element elementor-element-4a04cf6 elementor-widget elementor-widget-heading\" data-id=\"4a04cf6\" data-element_type=\"widget\" data-e-type=\"widget\" data-widget_type=\"heading.default\">\n\t\t\t\t\t<h2 class=\"elementor-heading-title elementor-size-default\">M\u00e1ndanos mensaje y te responderemos lo antes posible.<\/h2>\t\t\t\t<\/div>\n\t\t\t\t<div class=\"elementor-element elementor-element-91c550e elementor-widget elementor-widget-shortcode\" data-id=\"91c550e\" data-element_type=\"widget\" data-e-type=\"widget\" data-widget_type=\"shortcode.default\">\n\t\t\t\t\t\t\t<div class=\"elementor-shortcode\">\n<div class=\"wpcf7 no-js\" id=\"wpcf7-f855-o1\" lang=\"es-MX\" dir=\"ltr\" data-wpcf7-id=\"855\">\n<div class=\"screen-reader-response\"><p role=\"status\" aria-live=\"polite\" aria-atomic=\"true\"><\/p> <ul><\/ul><\/div>\n<form action=\"\/distribuidor-holophane-postes-de-alto-montaje\/wp-json\/wp\/v2\/pages\/574#wpcf7-f855-o1\" method=\"post\" class=\"wpcf7-form init\" aria-label=\"Formulario de contacto\" novalidate=\"novalidate\" data-status=\"init\">\n<fieldset class=\"hidden-fields-container\"><input type=\"hidden\" name=\"_wpcf7\" value=\"855\" \/><input type=\"hidden\" name=\"_wpcf7_version\" value=\"6.1.4\" \/><input type=\"hidden\" name=\"_wpcf7_locale\" value=\"es_MX\" \/><input type=\"hidden\" name=\"_wpcf7_unit_tag\" value=\"wpcf7-f855-o1\" \/><input type=\"hidden\" name=\"_wpcf7_container_post\" value=\"0\" \/><input type=\"hidden\" name=\"_wpcf7_posted_data_hash\" value=\"\" \/>\n<\/fieldset>\n<p><label> Tu nombre<br \/>\n<span class=\"wpcf7-form-control-wrap\" data-name=\"your-name\"><input size=\"40\" maxlength=\"400\" class=\"wpcf7-form-control wpcf7-text wpcf7-validates-as-required\" autocomplete=\"name\" aria-required=\"true\" aria-invalid=\"false\" value=\"\" type=\"text\" name=\"your-name\" \/><\/span> <\/label>\n<\/p>\n<p><label> Tu correo electr\u00f3nico<br \/>\n<span class=\"wpcf7-form-control-wrap\" data-name=\"your-email\"><input size=\"40\" maxlength=\"400\" class=\"wpcf7-form-control wpcf7-email wpcf7-validates-as-required wpcf7-text wpcf7-validates-as-email\" autocomplete=\"email\" aria-required=\"true\" aria-invalid=\"false\" value=\"\" type=\"email\" name=\"your-email\" \/><\/span> <\/label>\n<\/p>\n<p><label> Asunto<br \/>\n<span class=\"wpcf7-form-control-wrap\" data-name=\"your-subject\"><input size=\"40\" maxlength=\"400\" class=\"wpcf7-form-control wpcf7-text wpcf7-validates-as-required\" aria-required=\"true\" aria-invalid=\"false\" value=\"\" type=\"text\" name=\"your-subject\" \/><\/span> <\/label>\n<\/p>\n<p><label> Tu mensaje (opcional)<br \/>\n<span class=\"wpcf7-form-control-wrap\" data-name=\"your-message\"><textarea cols=\"40\" rows=\"10\" maxlength=\"2000\" class=\"wpcf7-form-control wpcf7-textarea\" aria-invalid=\"false\" name=\"your-message\"><\/textarea><\/span> <\/label>\n<\/p>\n<p><input class=\"wpcf7-form-control wpcf7-submit has-spinner\" type=\"submit\" value=\"Enviar\" \/>\n<\/p><div class=\"wpcf7-response-output\" aria-hidden=\"true\"><\/div>\n<\/form>\n<\/div>\n<\/div>\n\t\t\t\t\t\t<\/div>\n\t\t\t\t<\/div>\n\t\t<div class=\"elementor-element elementor-element-3a18b43 e-con-full e-flex e-con e-child\" data-id=\"3a18b43\" data-element_type=\"container\" data-e-type=\"container\">\n\t\t\t\t<div class=\"elementor-element elementor-element-7e80a10 elementor-widget elementor-widget-image\" data-id=\"7e80a10\" data-element_type=\"widget\" data-e-type=\"widget\" data-widget_type=\"image.default\">\n\t\t\t\t\t\t\t\t\t\t\t\t\t\t\t<img fetchpriority=\"high\" decoding=\"async\" width=\"448\" height=\"1024\" src=\"https:\/\/gmiluminacion.com\/distribuidor-holophane-postes-de-alto-montaje\/wp-content\/uploads\/2024\/09\/poste-alto-montaje-superposte-contenedores-maritimos-iluminacion-gm-448x1024.jpg\" class=\"attachment-large size-large wp-image-864\" alt=\"\" srcset=\"https:\/\/gmiluminacion.com\/distribuidor-holophane-postes-de-alto-montaje\/wp-content\/uploads\/2024\/09\/poste-alto-montaje-superposte-contenedores-maritimos-iluminacion-gm-448x1024.jpg 448w, https:\/\/gmiluminacion.com\/distribuidor-holophane-postes-de-alto-montaje\/wp-content\/uploads\/2024\/09\/poste-alto-montaje-superposte-contenedores-maritimos-iluminacion-gm-131x300.jpg 131w, https:\/\/gmiluminacion.com\/distribuidor-holophane-postes-de-alto-montaje\/wp-content\/uploads\/2024\/09\/poste-alto-montaje-superposte-contenedores-maritimos-iluminacion-gm-672x1536.jpg 672w, https:\/\/gmiluminacion.com\/distribuidor-holophane-postes-de-alto-montaje\/wp-content\/uploads\/2024\/09\/poste-alto-montaje-superposte-contenedores-maritimos-iluminacion-gm-600x1371.jpg 600w, https:\/\/gmiluminacion.com\/distribuidor-holophane-postes-de-alto-montaje\/wp-content\/uploads\/2024\/09\/poste-alto-montaje-superposte-contenedores-maritimos-iluminacion-gm.jpg 700w\" sizes=\"(max-width: 448px) 100vw, 448px\" \/>\t\t\t\t\t\t\t\t\t\t\t\t\t\t\t<\/div>\n\t\t\t\t<\/div>\n\t\t\t\t\t<\/div>\n\t\t\t\t<\/div>\n\t\t\t\t<\/div>\n\t\t","protected":false},"excerpt":{"rendered":"<p>Contacto Directo Con\u00e9ctate con Nosotros Hoy para Soluciones de Iluminaci\u00f3n Correo electr\u00f3nico \u00bfPreguntas o dudas? \u00a1Cont\u00e1ctanos! pgmiluminacion@gmail.com Direcci\u00f3n Horario: Lunes [&hellip;]<\/p>\n","protected":false},"author":1,"featured_media":0,"parent":0,"menu_order":0,"comment_status":"closed","ping_status":"closed","template":"","meta":{"_uag_custom_page_level_css":"","site-sidebar-layout":"default","site-content-layout":"","ast-site-content-layout":"full-width-container","site-content-style":"default","site-sidebar-style":"default","ast-global-header-display":"","ast-banner-title-visibility":"disabled","ast-main-header-display":"","ast-hfb-above-header-display":"","ast-hfb-below-header-display":"","ast-hfb-mobile-header-display":"","site-post-title":"disabled","ast-breadcrumbs-content":"","ast-featured-img":"","footer-sml-layout":"","ast-disable-related-posts":"","theme-transparent-header-meta":"default","adv-header-id-meta":"","stick-header-meta":"","header-above-stick-meta":"","header-main-stick-meta":"","header-below-stick-meta":"","astra-migrate-meta-layouts":"default","ast-page-background-enabled":"default","ast-page-background-meta":{"desktop":{"background-color":"var(--ast-global-color-5)","background-image":"","background-repeat":"repeat","background-position":"center center","background-size":"auto","background-attachment":"scroll","background-type":"","background-media":"","overlay-type":"","overlay-color":"","overlay-opacity":"","overlay-gradient":""},"tablet":{"background-color":"","background-image":"","background-repeat":"repeat","background-position":"center center","background-size":"auto","background-attachment":"scroll","background-type":"","background-media":"","overlay-type":"","overlay-color":"","overlay-opacity":"","overlay-gradient":""},"mobile":{"background-color":"","background-image":"","background-repeat":"repeat","background-position":"center center","background-size":"auto","background-attachment":"scroll","background-type":"","background-media":"","overlay-type":"","overlay-color":"","overlay-opacity":"","overlay-gradient":""}},"ast-content-background-meta":{"desktop":{"background-color":"var(--ast-global-color-4)","background-image":"","background-repeat":"repeat","background-position":"center center","background-size":"auto","background-attachment":"scroll","background-type":"","background-media":"","overlay-type":"","overlay-color":"","overlay-opacity":"","overlay-gradient":""},"tablet":{"background-color":"var(--ast-global-color-4)","background-image":"","background-repeat":"repeat","background-position":"center center","background-size":"auto","background-attachment":"scroll","background-type":"","background-media":"","overlay-type":"","overlay-color":"","overlay-opacity":"","overlay-gradient":""},"mobile":{"background-color":"var(--ast-global-color-4)","background-image":"","background-repeat":"repeat","background-position":"center center","background-size":"auto","background-attachment":"scroll","background-type":"","background-media":"","overlay-type":"","overlay-color":"","overlay-opacity":"","overlay-gradient":""}},"_joinchat":[],"footnotes":""},"class_list":["post-574","page","type-page","status-publish","hentry"],"uagb_featured_image_src":{"full":false,"thumbnail":false,"medium":false,"medium_large":false,"large":false,"1536x1536":false,"2048x2048":false},"uagb_author_info":{"display_name":"admin","author_link":"https:\/\/gmiluminacion.com\/distribuidor-holophane-postes-de-alto-montaje\/author\/neossdef\/"},"uagb_comment_info":0,"uagb_excerpt":"Contacto Directo Con\u00e9ctate con Nosotros Hoy para Soluciones de Iluminaci\u00f3n Correo electr\u00f3nico \u00bfPreguntas o dudas? \u00a1Cont\u00e1ctanos! pgmiluminacion@gmail.com Direcci\u00f3n Horario: Lunes [&hellip;]","_links":{"self":[{"href":"https:\/\/gmiluminacion.com\/distribuidor-holophane-postes-de-alto-montaje\/wp-json\/wp\/v2\/pages\/574","targetHints":{"allow":["GET"]}}],"collection":[{"href":"https:\/\/gmiluminacion.com\/distribuidor-holophane-postes-de-alto-montaje\/wp-json\/wp\/v2\/pages"}],"about":[{"href":"https:\/\/gmiluminacion.com\/distribuidor-holophane-postes-de-alto-montaje\/wp-json\/wp\/v2\/types\/page"}],"author":[{"embeddable":true,"href":"https:\/\/gmiluminacion.com\/distribuidor-holophane-postes-de-alto-montaje\/wp-json\/wp\/v2\/users\/1"}],"replies":[{"embeddable":true,"href":"https:\/\/gmiluminacion.com\/distribuidor-holophane-postes-de-alto-montaje\/wp-json\/wp\/v2\/comments?post=574"}],"version-history":[{"count":55,"href":"https:\/\/gmiluminacion.com\/distribuidor-holophane-postes-de-alto-montaje\/wp-json\/wp\/v2\/pages\/574\/revisions"}],"predecessor-version":[{"id":1071,"href":"https:\/\/gmiluminacion.com\/distribuidor-holophane-postes-de-alto-montaje\/wp-json\/wp\/v2\/pages\/574\/revisions\/1071"}],"wp:attachment":[{"href":"https:\/\/gmiluminacion.com\/distribuidor-holophane-postes-de-alto-montaje\/wp-json\/wp\/v2\/media?parent=574"}],"curies":[{"name":"wp","href":"https:\/\/api.w.org\/{rel}","templated":true}]}}