{"id":833,"date":"2024-09-17T20:24:47","date_gmt":"2024-09-17T20:24:47","guid":{"rendered":"https:\/\/gmiluminacion.com\/distribuidor-holophane-postes-de-alto-montaje\/?page_id=833"},"modified":"2024-10-09T21:58:08","modified_gmt":"2024-10-09T21:58:08","slug":"productos","status":"publish","type":"page","link":"https:\/\/gmiluminacion.com\/distribuidor-holophane-postes-de-alto-montaje\/productos\/","title":{"rendered":"Productos"},"content":{"rendered":"\t\t<div data-elementor-type=\"wp-page\" data-elementor-id=\"833\" class=\"elementor elementor-833\">\n\t\t\t\t\t\t<section class=\"elementor-section elementor-top-section elementor-element elementor-element-612b2dd2 elementor-section-boxed elementor-section-height-default elementor-section-height-default\" data-id=\"612b2dd2\" data-element_type=\"section\" data-e-type=\"section\">\n\t\t\t\t\t\t<div class=\"elementor-container elementor-column-gap-default\">\n\t\t\t\t\t<div class=\"elementor-column elementor-col-100 elementor-top-column elementor-element elementor-element-4f674007\" data-id=\"4f674007\" data-element_type=\"column\" data-e-type=\"column\">\n\t\t\t<div class=\"elementor-widget-wrap elementor-element-populated\">\n\t\t\t\t\t\t<div class=\"elementor-element elementor-element-1f793984 elementor-widget elementor-widget-text-editor\" data-id=\"1f793984\" data-element_type=\"widget\" data-e-type=\"widget\" data-widget_type=\"text-editor.default\">\n\t\t\t\t\t\t\t\t\t<p><\/p>\n<div class=\"wp-block-uagb-container uagb-block-a2b3fcc4 alignfull uagb-is-root-container\">\n<div class=\"uagb-container-inner-blocks-wrap\">\n<p><\/p>\n<div class=\"wp-block-uagb-advanced-heading uagb-block-b49651cf\">\n<h1 class=\"uagb-heading-text\">Somos distribuidores autorizados de una amplia gama de marcas<\/h1>\n<p class=\"uagb-desc-text\">M\u00e1s de 20 a\u00f1os desarrollando proyectos de ingenier\u00eda, suministro e instalaci\u00f3n de sistemas de alto montaje en sectores como proyecto urbano, hotelero e industrial. Especialistas en iluminaci\u00f3n con tecnolog\u00eda de vanguardia.<\/p>\n<\/div>\n<\/div>\n<\/div>\n<div class=\"wp-block-uagb-container uagb-block-967ef5ef alignfull uagb-is-root-container\">\n<div class=\"uagb-container-inner-blocks-wrap\">\n<div class=\"wp-block-uagb-container uagb-block-e2113914\">\n<p><\/p>\n<\/div>\n<p><\/p>\n<\/div>\n<\/div>\n<p><!-- \/wp:uagb\/container --><\/p>\n<p><!-- wp:block {\"ref\":147} \/--><\/p>\t\t\t\t\t\t\t\t<\/div>\n\t\t\t\t\t<\/div>\n\t\t<\/div>\n\t\t\t\t\t<\/div>\n\t\t<\/section>\n\t\t<div class=\"elementor-element elementor-element-c572780 e-flex e-con-boxed e-con e-parent\" data-id=\"c572780\" data-element_type=\"container\" data-e-type=\"container\">\n\t\t\t\t\t<div class=\"e-con-inner\">\n\t\t<div class=\"elementor-element elementor-element-ba6509a e-con-full e-flex e-con e-child\" data-id=\"ba6509a\" data-element_type=\"container\" data-e-type=\"container\">\n\t\t\t\t<div class=\"elementor-element elementor-element-ca16bad elementor-widget elementor-widget-image\" data-id=\"ca16bad\" data-element_type=\"widget\" data-e-type=\"widget\" data-widget_type=\"image.default\">\n\t\t\t\t\t\t\t\t\t\t\t\t\t\t\t<img fetchpriority=\"high\" decoding=\"async\" width=\"1024\" height=\"384\" src=\"https:\/\/gmiluminacion.com\/distribuidor-holophane-postes-de-alto-montaje\/wp-content\/uploads\/2024\/09\/lithonia-lighting-logo.jpg\" class=\"attachment-large size-large wp-image-917\" alt=\"\" srcset=\"https:\/\/gmiluminacion.com\/distribuidor-holophane-postes-de-alto-montaje\/wp-content\/uploads\/2024\/09\/lithonia-lighting-logo.jpg 1024w, https:\/\/gmiluminacion.com\/distribuidor-holophane-postes-de-alto-montaje\/wp-content\/uploads\/2024\/09\/lithonia-lighting-logo-300x113.jpg 300w, https:\/\/gmiluminacion.com\/distribuidor-holophane-postes-de-alto-montaje\/wp-content\/uploads\/2024\/09\/lithonia-lighting-logo-768x288.jpg 768w, https:\/\/gmiluminacion.com\/distribuidor-holophane-postes-de-alto-montaje\/wp-content\/uploads\/2024\/09\/lithonia-lighting-logo-600x225.jpg 600w\" sizes=\"(max-width: 1024px) 100vw, 1024px\" \/>\t\t\t\t\t\t\t\t\t\t\t\t\t\t\t<\/div>\n\t\t\t\t<\/div>\n\t\t<div class=\"elementor-element elementor-element-ada8043 e-con-full e-flex e-con e-child\" data-id=\"ada8043\" data-element_type=\"container\" data-e-type=\"container\">\n\t\t\t\t<div class=\"elementor-element elementor-element-bf1bb71 elementor-widget elementor-widget-image\" data-id=\"bf1bb71\" data-element_type=\"widget\" data-e-type=\"widget\" data-widget_type=\"image.default\">\n\t\t\t\t\t\t\t\t\t\t\t\t\t\t\t<img decoding=\"async\" width=\"1024\" height=\"384\" src=\"https:\/\/gmiluminacion.com\/distribuidor-holophane-postes-de-alto-montaje\/wp-content\/uploads\/2024\/09\/holophane-logo-lider-soluciones-iluminacion.jpg\" class=\"attachment-large size-large wp-image-914\" alt=\"\" srcset=\"https:\/\/gmiluminacion.com\/distribuidor-holophane-postes-de-alto-montaje\/wp-content\/uploads\/2024\/09\/holophane-logo-lider-soluciones-iluminacion.jpg 1024w, https:\/\/gmiluminacion.com\/distribuidor-holophane-postes-de-alto-montaje\/wp-content\/uploads\/2024\/09\/holophane-logo-lider-soluciones-iluminacion-300x113.jpg 300w, https:\/\/gmiluminacion.com\/distribuidor-holophane-postes-de-alto-montaje\/wp-content\/uploads\/2024\/09\/holophane-logo-lider-soluciones-iluminacion-768x288.jpg 768w, https:\/\/gmiluminacion.com\/distribuidor-holophane-postes-de-alto-montaje\/wp-content\/uploads\/2024\/09\/holophane-logo-lider-soluciones-iluminacion-600x225.jpg 600w\" sizes=\"(max-width: 1024px) 100vw, 1024px\" \/>\t\t\t\t\t\t\t\t\t\t\t\t\t\t\t<\/div>\n\t\t\t\t<div class=\"elementor-element elementor-element-399be79 elementor-widget elementor-widget-text-editor\" data-id=\"399be79\" data-element_type=\"widget\" data-e-type=\"widget\" data-widget_type=\"text-editor.default\">\n\t\t\t\t\t\t\t\t\t<p><strong>Cat\u00e1logo 1:<\/strong><br \/>Para descargar oprime <strong><a href=\"https:\/\/gmiluminacion.com\/distribuidor-holophane-postes-de-alto-montaje\/wp-content\/uploads\/2024\/10\/Catalogo_1_holophane.pdf\" target=\"_blank\" rel=\"noopener\">Aqui<\/a><\/strong> <br \/><strong>Cat\u00e1logo 2:<\/strong><br \/>Para descargar oprime <strong><a href=\"https:\/\/gmiluminacion.com\/distribuidor-holophane-postes-de-alto-montaje\/wp-content\/uploads\/2024\/10\/Holophane-Catalogo.pdf\" target=\"_blank\" rel=\"noopener\">Aqui<\/a><\/strong><\/p>\t\t\t\t\t\t\t\t<\/div>\n\t\t\t\t<\/div>\n\t\t<div class=\"elementor-element elementor-element-aee3e1a e-con-full e-flex e-con e-child\" data-id=\"aee3e1a\" data-element_type=\"container\" data-e-type=\"container\">\n\t\t\t\t<div class=\"elementor-element elementor-element-cd8fdb8 elementor-widget elementor-widget-image\" data-id=\"cd8fdb8\" data-element_type=\"widget\" data-e-type=\"widget\" data-widget_type=\"image.default\">\n\t\t\t\t\t\t\t\t\t\t\t\t\t\t\t<img decoding=\"async\" width=\"1024\" height=\"384\" src=\"https:\/\/gmiluminacion.com\/distribuidor-holophane-postes-de-alto-montaje\/wp-content\/uploads\/2024\/09\/ael-american-electric-lighting-logo.jpg\" class=\"attachment-large size-large wp-image-909\" alt=\"\" srcset=\"https:\/\/gmiluminacion.com\/distribuidor-holophane-postes-de-alto-montaje\/wp-content\/uploads\/2024\/09\/ael-american-electric-lighting-logo.jpg 1024w, https:\/\/gmiluminacion.com\/distribuidor-holophane-postes-de-alto-montaje\/wp-content\/uploads\/2024\/09\/ael-american-electric-lighting-logo-300x113.jpg 300w, https:\/\/gmiluminacion.com\/distribuidor-holophane-postes-de-alto-montaje\/wp-content\/uploads\/2024\/09\/ael-american-electric-lighting-logo-768x288.jpg 768w, https:\/\/gmiluminacion.com\/distribuidor-holophane-postes-de-alto-montaje\/wp-content\/uploads\/2024\/09\/ael-american-electric-lighting-logo-600x225.jpg 600w\" sizes=\"(max-width: 1024px) 100vw, 1024px\" \/>\t\t\t\t\t\t\t\t\t\t\t\t\t\t\t<\/div>\n\t\t\t\t<div class=\"elementor-element elementor-element-f23ce8b elementor-widget elementor-widget-text-editor\" data-id=\"f23ce8b\" data-element_type=\"widget\" data-e-type=\"widget\" data-widget_type=\"text-editor.default\">\n\t\t\t\t\t\t\t\t\t<p>Para descargar el cat\u00e1logo oprime <strong><a href=\"https:\/\/gmiluminacion.com\/distribuidor-holophane-postes-de-alto-montaje\/wp-content\/uploads\/2024\/10\/Brochure_AEL_Digital.pdf\" target=\"_blank\" rel=\"noopener\">Aqui<\/a><\/strong><\/p>\t\t\t\t\t\t\t\t<\/div>\n\t\t\t\t<\/div>\n\t\t\t\t\t<\/div>\n\t\t\t\t<\/div>\n\t\t<div class=\"elementor-element elementor-element-6a9077a e-flex e-con-boxed e-con e-parent\" data-id=\"6a9077a\" data-element_type=\"container\" data-e-type=\"container\">\n\t\t\t\t\t<div class=\"e-con-inner\">\n\t\t<div class=\"elementor-element elementor-element-df26351 e-con-full e-flex e-con e-child\" data-id=\"df26351\" data-element_type=\"container\" data-e-type=\"container\">\n\t\t\t\t<div class=\"elementor-element elementor-element-8e74b47 elementor-widget elementor-widget-image\" data-id=\"8e74b47\" data-element_type=\"widget\" data-e-type=\"widget\" data-widget_type=\"image.default\">\n\t\t\t\t\t\t\t\t\t\t\t\t\t\t\t<img loading=\"lazy\" decoding=\"async\" width=\"1024\" height=\"384\" src=\"https:\/\/gmiluminacion.com\/distribuidor-holophane-postes-de-alto-montaje\/wp-content\/uploads\/2024\/09\/hydrel_logo.jpg\" class=\"attachment-large size-large wp-image-915\" alt=\"\" srcset=\"https:\/\/gmiluminacion.com\/distribuidor-holophane-postes-de-alto-montaje\/wp-content\/uploads\/2024\/09\/hydrel_logo.jpg 1024w, https:\/\/gmiluminacion.com\/distribuidor-holophane-postes-de-alto-montaje\/wp-content\/uploads\/2024\/09\/hydrel_logo-300x113.jpg 300w, https:\/\/gmiluminacion.com\/distribuidor-holophane-postes-de-alto-montaje\/wp-content\/uploads\/2024\/09\/hydrel_logo-768x288.jpg 768w, https:\/\/gmiluminacion.com\/distribuidor-holophane-postes-de-alto-montaje\/wp-content\/uploads\/2024\/09\/hydrel_logo-600x225.jpg 600w\" sizes=\"(max-width: 1024px) 100vw, 1024px\" \/>\t\t\t\t\t\t\t\t\t\t\t\t\t\t\t<\/div>\n\t\t\t\t<div class=\"elementor-element elementor-element-afc194e elementor-widget elementor-widget-text-editor\" data-id=\"afc194e\" data-element_type=\"widget\" data-e-type=\"widget\" data-widget_type=\"text-editor.default\">\n\t\t\t\t\t\t\t\t\t<p>Para descargar el cat\u00e1logo oprime <strong><a href=\"https:\/\/gmiluminacion.com\/distribuidor-holophane-postes-de-alto-montaje\/wp-content\/uploads\/2024\/10\/Hydrel-Catalogo.pdf\" target=\"_blank\" rel=\"noopener\">Aqui<\/a><\/strong><\/p>\t\t\t\t\t\t\t\t<\/div>\n\t\t\t\t<\/div>\n\t\t<div class=\"elementor-element elementor-element-c6697d2 e-con-full e-flex e-con e-child\" data-id=\"c6697d2\" data-element_type=\"container\" data-e-type=\"container\">\n\t\t\t\t<div class=\"elementor-element elementor-element-8deee38 elementor-widget elementor-widget-image\" data-id=\"8deee38\" data-element_type=\"widget\" data-e-type=\"widget\" data-widget_type=\"image.default\">\n\t\t\t\t\t\t\t\t\t\t\t\t\t\t\t<img loading=\"lazy\" decoding=\"async\" width=\"1024\" height=\"384\" src=\"https:\/\/gmiluminacion.com\/distribuidor-holophane-postes-de-alto-montaje\/wp-content\/uploads\/2024\/09\/Peerless-logo.jpg\" class=\"attachment-large size-large wp-image-919\" alt=\"\" srcset=\"https:\/\/gmiluminacion.com\/distribuidor-holophane-postes-de-alto-montaje\/wp-content\/uploads\/2024\/09\/Peerless-logo.jpg 1024w, https:\/\/gmiluminacion.com\/distribuidor-holophane-postes-de-alto-montaje\/wp-content\/uploads\/2024\/09\/Peerless-logo-300x113.jpg 300w, https:\/\/gmiluminacion.com\/distribuidor-holophane-postes-de-alto-montaje\/wp-content\/uploads\/2024\/09\/Peerless-logo-768x288.jpg 768w, https:\/\/gmiluminacion.com\/distribuidor-holophane-postes-de-alto-montaje\/wp-content\/uploads\/2024\/09\/Peerless-logo-600x225.jpg 600w\" sizes=\"(max-width: 1024px) 100vw, 1024px\" \/>\t\t\t\t\t\t\t\t\t\t\t\t\t\t\t<\/div>\n\t\t\t\t<\/div>\n\t\t<div class=\"elementor-element elementor-element-67216c5 e-con-full e-flex e-con e-child\" data-id=\"67216c5\" data-element_type=\"container\" data-e-type=\"container\">\n\t\t\t\t<div class=\"elementor-element elementor-element-8ce37a1 elementor-widget elementor-widget-image\" data-id=\"8ce37a1\" data-element_type=\"widget\" data-e-type=\"widget\" data-widget_type=\"image.default\">\n\t\t\t\t\t\t\t\t\t\t\t\t\t\t\t<img loading=\"lazy\" decoding=\"async\" width=\"1024\" height=\"384\" src=\"https:\/\/gmiluminacion.com\/distribuidor-holophane-postes-de-alto-montaje\/wp-content\/uploads\/2024\/09\/gotham.logo_.jpg\" class=\"attachment-large size-large wp-image-912\" alt=\"\" srcset=\"https:\/\/gmiluminacion.com\/distribuidor-holophane-postes-de-alto-montaje\/wp-content\/uploads\/2024\/09\/gotham.logo_.jpg 1024w, https:\/\/gmiluminacion.com\/distribuidor-holophane-postes-de-alto-montaje\/wp-content\/uploads\/2024\/09\/gotham.logo_-300x113.jpg 300w, https:\/\/gmiluminacion.com\/distribuidor-holophane-postes-de-alto-montaje\/wp-content\/uploads\/2024\/09\/gotham.logo_-768x288.jpg 768w, https:\/\/gmiluminacion.com\/distribuidor-holophane-postes-de-alto-montaje\/wp-content\/uploads\/2024\/09\/gotham.logo_-600x225.jpg 600w\" sizes=\"(max-width: 1024px) 100vw, 1024px\" \/>\t\t\t\t\t\t\t\t\t\t\t\t\t\t\t<\/div>\n\t\t\t\t<\/div>\n\t\t\t\t\t<\/div>\n\t\t\t\t<\/div>\n\t\t<div class=\"elementor-element elementor-element-91d7db8 e-flex e-con-boxed e-con e-parent\" data-id=\"91d7db8\" data-element_type=\"container\" data-e-type=\"container\">\n\t\t\t\t\t<div class=\"e-con-inner\">\n\t\t<div class=\"elementor-element elementor-element-0123cf1 e-con-full e-flex e-con e-child\" data-id=\"0123cf1\" data-element_type=\"container\" data-e-type=\"container\">\n\t\t\t\t<div class=\"elementor-element elementor-element-0838253 elementor-widget elementor-widget-image\" data-id=\"0838253\" data-element_type=\"widget\" data-e-type=\"widget\" data-widget_type=\"image.default\">\n\t\t\t\t\t\t\t\t\t\t\t\t\t\t\t<img loading=\"lazy\" decoding=\"async\" width=\"1024\" height=\"384\" src=\"https:\/\/gmiluminacion.com\/distribuidor-holophane-postes-de-alto-montaje\/wp-content\/uploads\/2024\/09\/mark-architectural-lighting-logo.jpg\" class=\"attachment-large size-large wp-image-918\" alt=\"\" srcset=\"https:\/\/gmiluminacion.com\/distribuidor-holophane-postes-de-alto-montaje\/wp-content\/uploads\/2024\/09\/mark-architectural-lighting-logo.jpg 1024w, https:\/\/gmiluminacion.com\/distribuidor-holophane-postes-de-alto-montaje\/wp-content\/uploads\/2024\/09\/mark-architectural-lighting-logo-300x113.jpg 300w, https:\/\/gmiluminacion.com\/distribuidor-holophane-postes-de-alto-montaje\/wp-content\/uploads\/2024\/09\/mark-architectural-lighting-logo-768x288.jpg 768w, https:\/\/gmiluminacion.com\/distribuidor-holophane-postes-de-alto-montaje\/wp-content\/uploads\/2024\/09\/mark-architectural-lighting-logo-600x225.jpg 600w\" sizes=\"(max-width: 1024px) 100vw, 1024px\" \/>\t\t\t\t\t\t\t\t\t\t\t\t\t\t\t<\/div>\n\t\t\t\t<\/div>\n\t\t<div class=\"elementor-element elementor-element-db756da e-con-full e-flex e-con e-child\" data-id=\"db756da\" data-element_type=\"container\" data-e-type=\"container\">\n\t\t\t\t<div class=\"elementor-element elementor-element-413a772 elementor-widget elementor-widget-image\" data-id=\"413a772\" data-element_type=\"widget\" data-e-type=\"widget\" data-widget_type=\"image.default\">\n\t\t\t\t\t\t\t\t\t\t\t\t\t\t\t<img loading=\"lazy\" decoding=\"async\" width=\"1024\" height=\"384\" src=\"https:\/\/gmiluminacion.com\/distribuidor-holophane-postes-de-alto-montaje\/wp-content\/uploads\/2024\/09\/winona-logo.jpg\" class=\"attachment-large size-large wp-image-920\" alt=\"\" srcset=\"https:\/\/gmiluminacion.com\/distribuidor-holophane-postes-de-alto-montaje\/wp-content\/uploads\/2024\/09\/winona-logo.jpg 1024w, https:\/\/gmiluminacion.com\/distribuidor-holophane-postes-de-alto-montaje\/wp-content\/uploads\/2024\/09\/winona-logo-300x113.jpg 300w, https:\/\/gmiluminacion.com\/distribuidor-holophane-postes-de-alto-montaje\/wp-content\/uploads\/2024\/09\/winona-logo-768x288.jpg 768w, https:\/\/gmiluminacion.com\/distribuidor-holophane-postes-de-alto-montaje\/wp-content\/uploads\/2024\/09\/winona-logo-600x225.jpg 600w\" sizes=\"(max-width: 1024px) 100vw, 1024px\" \/>\t\t\t\t\t\t\t\t\t\t\t\t\t\t\t<\/div>\n\t\t\t\t<\/div>\n\t\t<div class=\"elementor-element elementor-element-5f61a18 e-con-full e-flex e-con e-child\" data-id=\"5f61a18\" data-element_type=\"container\" data-e-type=\"container\">\n\t\t\t\t<div class=\"elementor-element elementor-element-5277689 elementor-widget elementor-widget-image\" data-id=\"5277689\" data-element_type=\"widget\" data-e-type=\"widget\" data-widget_type=\"image.default\">\n\t\t\t\t\t\t\t\t\t\t\t\t\t\t\t<img loading=\"lazy\" decoding=\"async\" width=\"1024\" height=\"384\" src=\"https:\/\/gmiluminacion.com\/distribuidor-holophane-postes-de-alto-montaje\/wp-content\/uploads\/2024\/09\/healthcare-lighting-logo.jpg\" class=\"attachment-large size-large wp-image-913\" alt=\"\" srcset=\"https:\/\/gmiluminacion.com\/distribuidor-holophane-postes-de-alto-montaje\/wp-content\/uploads\/2024\/09\/healthcare-lighting-logo.jpg 1024w, https:\/\/gmiluminacion.com\/distribuidor-holophane-postes-de-alto-montaje\/wp-content\/uploads\/2024\/09\/healthcare-lighting-logo-300x113.jpg 300w, https:\/\/gmiluminacion.com\/distribuidor-holophane-postes-de-alto-montaje\/wp-content\/uploads\/2024\/09\/healthcare-lighting-logo-768x288.jpg 768w, https:\/\/gmiluminacion.com\/distribuidor-holophane-postes-de-alto-montaje\/wp-content\/uploads\/2024\/09\/healthcare-lighting-logo-600x225.jpg 600w\" sizes=\"(max-width: 1024px) 100vw, 1024px\" \/>\t\t\t\t\t\t\t\t\t\t\t\t\t\t\t<\/div>\n\t\t\t\t<\/div>\n\t\t\t\t\t<\/div>\n\t\t\t\t<\/div>\n\t\t<div class=\"elementor-element elementor-element-74e76ca e-flex e-con-boxed e-con e-parent\" data-id=\"74e76ca\" data-element_type=\"container\" data-e-type=\"container\">\n\t\t\t\t\t<div class=\"e-con-inner\">\n\t\t<div class=\"elementor-element elementor-element-a290c91 e-con-full e-flex e-con e-child\" data-id=\"a290c91\" data-element_type=\"container\" data-e-type=\"container\">\n\t\t\t\t<div class=\"elementor-element elementor-element-71314b4 elementor-widget elementor-widget-image\" data-id=\"71314b4\" data-element_type=\"widget\" data-e-type=\"widget\" data-widget_type=\"image.default\">\n\t\t\t\t\t\t\t\t\t\t\t\t\t\t\t<img loading=\"lazy\" decoding=\"async\" width=\"1024\" height=\"384\" src=\"https:\/\/gmiluminacion.com\/distribuidor-holophane-postes-de-alto-montaje\/wp-content\/uploads\/2024\/09\/carandini-logo.jpg\" class=\"attachment-large size-large wp-image-911\" alt=\"\" srcset=\"https:\/\/gmiluminacion.com\/distribuidor-holophane-postes-de-alto-montaje\/wp-content\/uploads\/2024\/09\/carandini-logo.jpg 1024w, https:\/\/gmiluminacion.com\/distribuidor-holophane-postes-de-alto-montaje\/wp-content\/uploads\/2024\/09\/carandini-logo-300x113.jpg 300w, https:\/\/gmiluminacion.com\/distribuidor-holophane-postes-de-alto-montaje\/wp-content\/uploads\/2024\/09\/carandini-logo-768x288.jpg 768w, https:\/\/gmiluminacion.com\/distribuidor-holophane-postes-de-alto-montaje\/wp-content\/uploads\/2024\/09\/carandini-logo-600x225.jpg 600w\" sizes=\"(max-width: 1024px) 100vw, 1024px\" \/>\t\t\t\t\t\t\t\t\t\t\t\t\t\t\t<\/div>\n\t\t\t\t<\/div>\n\t\t<div class=\"elementor-element elementor-element-b2c3aac e-con-full e-flex e-con e-child\" data-id=\"b2c3aac\" data-element_type=\"container\" data-e-type=\"container\">\n\t\t\t\t<div class=\"elementor-element elementor-element-2962e7d elementor-widget elementor-widget-image\" data-id=\"2962e7d\" data-element_type=\"widget\" data-e-type=\"widget\" data-widget_type=\"image.default\">\n\t\t\t\t\t\t\t\t\t\t\t\t\t\t\t<img loading=\"lazy\" decoding=\"async\" width=\"1024\" height=\"384\" src=\"https:\/\/gmiluminacion.com\/distribuidor-holophane-postes-de-alto-montaje\/wp-content\/uploads\/2024\/09\/AntiqueStreetLamps-logo.jpg\" class=\"attachment-large size-large wp-image-910\" alt=\"\" srcset=\"https:\/\/gmiluminacion.com\/distribuidor-holophane-postes-de-alto-montaje\/wp-content\/uploads\/2024\/09\/AntiqueStreetLamps-logo.jpg 1024w, https:\/\/gmiluminacion.com\/distribuidor-holophane-postes-de-alto-montaje\/wp-content\/uploads\/2024\/09\/AntiqueStreetLamps-logo-300x113.jpg 300w, https:\/\/gmiluminacion.com\/distribuidor-holophane-postes-de-alto-montaje\/wp-content\/uploads\/2024\/09\/AntiqueStreetLamps-logo-768x288.jpg 768w, https:\/\/gmiluminacion.com\/distribuidor-holophane-postes-de-alto-montaje\/wp-content\/uploads\/2024\/09\/AntiqueStreetLamps-logo-600x225.jpg 600w\" sizes=\"(max-width: 1024px) 100vw, 1024px\" \/>\t\t\t\t\t\t\t\t\t\t\t\t\t\t\t<\/div>\n\t\t\t\t<\/div>\n\t\t<div class=\"elementor-element elementor-element-4a0b49a e-con-full e-flex e-con e-child\" data-id=\"4a0b49a\" data-element_type=\"container\" data-e-type=\"container\">\n\t\t\t\t<div class=\"elementor-element elementor-element-67146c0 elementor-widget elementor-widget-image\" data-id=\"67146c0\" data-element_type=\"widget\" data-e-type=\"widget\" data-widget_type=\"image.default\">\n\t\t\t\t\t\t\t\t\t\t\t\t\t\t\t<img loading=\"lazy\" decoding=\"async\" width=\"1024\" height=\"384\" src=\"https:\/\/gmiluminacion.com\/distribuidor-holophane-postes-de-alto-montaje\/wp-content\/uploads\/2024\/09\/juno-lighting-group-logo.jpg\" class=\"attachment-large size-large wp-image-916\" alt=\"\" srcset=\"https:\/\/gmiluminacion.com\/distribuidor-holophane-postes-de-alto-montaje\/wp-content\/uploads\/2024\/09\/juno-lighting-group-logo.jpg 1024w, https:\/\/gmiluminacion.com\/distribuidor-holophane-postes-de-alto-montaje\/wp-content\/uploads\/2024\/09\/juno-lighting-group-logo-300x113.jpg 300w, https:\/\/gmiluminacion.com\/distribuidor-holophane-postes-de-alto-montaje\/wp-content\/uploads\/2024\/09\/juno-lighting-group-logo-768x288.jpg 768w, https:\/\/gmiluminacion.com\/distribuidor-holophane-postes-de-alto-montaje\/wp-content\/uploads\/2024\/09\/juno-lighting-group-logo-600x225.jpg 600w\" sizes=\"(max-width: 1024px) 100vw, 1024px\" \/>\t\t\t\t\t\t\t\t\t\t\t\t\t\t\t<\/div>\n\t\t\t\t<\/div>\n\t\t\t\t\t<\/div>\n\t\t\t\t<\/div>\n\t\t\t\t<\/div>\n\t\t","protected":false},"excerpt":{"rendered":"<p>Somos distribuidores autorizados de una amplia gama de marcas M\u00e1s de 20 a\u00f1os desarrollando proyectos de ingenier\u00eda, suministro e instalaci\u00f3n [&hellip;]<\/p>\n","protected":false},"author":1,"featured_media":0,"parent":0,"menu_order":0,"comment_status":"closed","ping_status":"closed","template":"","meta":{"_uag_custom_page_level_css":"","site-sidebar-layout":"default","site-content-layout":"","ast-site-content-layout":"full-width-container","site-content-style":"default","site-sidebar-style":"default","ast-global-header-display":"","ast-banner-title-visibility":"disabled","ast-main-header-display":"","ast-hfb-above-header-display":"","ast-hfb-below-header-display":"","ast-hfb-mobile-header-display":"","site-post-title":"","ast-breadcrumbs-content":"","ast-featured-img":"","footer-sml-layout":"","ast-disable-related-posts":"","theme-transparent-header-meta":"default","adv-header-id-meta":"","stick-header-meta":"","header-above-stick-meta":"","header-main-stick-meta":"","header-below-stick-meta":"","astra-migrate-meta-layouts":"default","ast-page-background-enabled":"default","ast-page-background-meta":{"desktop":{"background-color":"var(--ast-global-color-5)","background-image":"","background-repeat":"repeat","background-position":"center center","background-size":"auto","background-attachment":"scroll","background-type":"","background-media":"","overlay-type":"","overlay-color":"","overlay-opacity":"","overlay-gradient":""},"tablet":{"background-color":"","background-image":"","background-repeat":"repeat","background-position":"center center","background-size":"auto","background-attachment":"scroll","background-type":"","background-media":"","overlay-type":"","overlay-color":"","overlay-opacity":"","overlay-gradient":""},"mobile":{"background-color":"","background-image":"","background-repeat":"repeat","background-position":"center center","background-size":"auto","background-attachment":"scroll","background-type":"","background-media":"","overlay-type":"","overlay-color":"","overlay-opacity":"","overlay-gradient":""}},"ast-content-background-meta":{"desktop":{"background-color":"var(--ast-global-color-4)","background-image":"","background-repeat":"repeat","background-position":"center center","background-size":"auto","background-attachment":"scroll","background-type":"","background-media":"","overlay-type":"","overlay-color":"","overlay-opacity":"","overlay-gradient":""},"tablet":{"background-color":"var(--ast-global-color-4)","background-image":"","background-repeat":"repeat","background-position":"center center","background-size":"auto","background-attachment":"scroll","background-type":"","background-media":"","overlay-type":"","overlay-color":"","overlay-opacity":"","overlay-gradient":""},"mobile":{"background-color":"var(--ast-global-color-4)","background-image":"","background-repeat":"repeat","background-position":"center center","background-size":"auto","background-attachment":"scroll","background-type":"","background-media":"","overlay-type":"","overlay-color":"","overlay-opacity":"","overlay-gradient":""}},"_joinchat":[],"footnotes":""},"class_list":["post-833","page","type-page","status-publish","hentry"],"uagb_featured_image_src":{"full":false,"thumbnail":false,"medium":false,"medium_large":false,"large":false,"1536x1536":false,"2048x2048":false},"uagb_author_info":{"display_name":"admin","author_link":"https:\/\/gmiluminacion.com\/distribuidor-holophane-postes-de-alto-montaje\/author\/neossdef\/"},"uagb_comment_info":0,"uagb_excerpt":"Somos distribuidores autorizados de una amplia gama de marcas M\u00e1s de 20 a\u00f1os desarrollando proyectos de ingenier\u00eda, suministro e instalaci\u00f3n [&hellip;]","_links":{"self":[{"href":"https:\/\/gmiluminacion.com\/distribuidor-holophane-postes-de-alto-montaje\/wp-json\/wp\/v2\/pages\/833","targetHints":{"allow":["GET"]}}],"collection":[{"href":"https:\/\/gmiluminacion.com\/distribuidor-holophane-postes-de-alto-montaje\/wp-json\/wp\/v2\/pages"}],"about":[{"href":"https:\/\/gmiluminacion.com\/distribuidor-holophane-postes-de-alto-montaje\/wp-json\/wp\/v2\/types\/page"}],"author":[{"embeddable":true,"href":"https:\/\/gmiluminacion.com\/distribuidor-holophane-postes-de-alto-montaje\/wp-json\/wp\/v2\/users\/1"}],"replies":[{"embeddable":true,"href":"https:\/\/gmiluminacion.com\/distribuidor-holophane-postes-de-alto-montaje\/wp-json\/wp\/v2\/comments?post=833"}],"version-history":[{"count":34,"href":"https:\/\/gmiluminacion.com\/distribuidor-holophane-postes-de-alto-montaje\/wp-json\/wp\/v2\/pages\/833\/revisions"}],"predecessor-version":[{"id":1035,"href":"https:\/\/gmiluminacion.com\/distribuidor-holophane-postes-de-alto-montaje\/wp-json\/wp\/v2\/pages\/833\/revisions\/1035"}],"wp:attachment":[{"href":"https:\/\/gmiluminacion.com\/distribuidor-holophane-postes-de-alto-montaje\/wp-json\/wp\/v2\/media?parent=833"}],"curies":[{"name":"wp","href":"https:\/\/api.w.org\/{rel}","templated":true}]}}